Suppose z + c - f - 1 = 0, 4*c = 20. List the prime factors of z.
2
Suppose 3*h - 5*t = -0*h + 101, -132 = -4*h + 4*t. Let p = h - 19. Let a = 33 - p. List the prime factors of a.
2, 5
Let a = -20 + 30. What are the prime factors of a?
2, 5
Let z(u) = 8*u - 3. Let h = 6 - 4. List the prime factors of z(h).
13
Suppose 2*r + 3 = 15. Let s(m) = 1. Let t(u) = -2*u + 6. Let x(c) = -3*s(c) - t(c). List the prime factors of x(r).
3
Suppose 5*f + 2*k = 2, 5 = 3*f + 2*k + 3. Let w = 2 - f. What are the prime factors of (w - -4)*(-4)/(-6)?
2
Suppose 0 = 3*v + 4*j - 236 + 62, -3*j = -5*v + 261. What are the prime factors of v?
2, 3
Suppose -4*n - 7 = -u, 2*u = 3*n - 5 - 6. Let s = 22 + u. What are the prime factors of s?
3
Let n = -10 - -22. Suppose 5 = -n*z + 13*z. What are the prime factors of z?
5
Let n be ((-3)/((-1)/(-1)))/(-1). Let o be -2 - (-2 - -4) - -77. Suppose 3*y - 5*y - 100 = -4*i, o = n*i - y. What are the prime factors of i?
23
Let o(w) = -17*w**3 - 2*w**2 - w. Let s be o(-2). Suppose n + 4*n - s = 0. List the prime factors of n.
2, 13
Let s = 8 - -16. Suppose -3*k + 4 = -7*a + 5*a, 0 = -3*a - 3*k + s. List the prime factors of a.
2
Let p(g) = g**3 - 2*g**2 + 2*g + 2. Suppose -2*u - 6 = -3*u. Suppose 2*j = -2 + u. What are the prime factors of p(j)?
2, 3
Let c(l) be the third derivative of l**5/60 - l**3/6 - 3*l**2. Let q(u) = -u**3 - 6*u**2 + 21. Let w(j) = 6*c(j) + q(j). What are the prime factors of w(0)?
3, 5
Let g(a) = -a**2 - 5*a + 1. Let j be g(-5). Let o be (6/8)/(1/8). What are the prime factors of 8 + (o*j)/(-3)?
2, 3
Let y(d) = 5*d**3 - 1. Let l be y(1). Let m be 33/(-6) - (-2)/l. Let x = 9 + m. What are the prime factors of x?
2
Suppose -q + 4*q + 45 = 0. Suppose -3*l + 3*s = -0*l + 18, s = -2*l. Let z = l - q. List the prime factors of z.
13
Let n(m) = -4*m + 2. Let f be n(5). Let d be f/(-4) - (-1)/2. Suppose -17 = -d*i + q, q = -4*i - 0*i + 19. What are the prime factors of i?
2
Suppose 3*u = -r - 0*r + 16, -5*r = -3*u - 8. Suppose 0 = c - r*v + v - 31, -c - 5*v = -47. What are the prime factors of c?
37
Suppose y + 23 = 4*f, 2*y - 2 - 7 = -3*f. Let u(g) = -g**3 + 7*g**2 - 8*g + 4. List the prime factors of u(f).
2, 7
Let v = -369 + 616. List the prime factors of v.
13, 19
Suppose 5*d - 2*i = -0*i + 69, d = -i + 18. Suppose 5*q = d - 40. What are the prime factors of 14 + (0 - -3) + q?
2, 3
Let d(a) = a**3 - 23*a**2 + 31*a - 32. List the prime factors of d(22).
2, 83
Let i(a) = -1 + 3*a**2 + 0 + 0 + 2*a. Let y(h) = h + 6. Let p be y(-5). What are the prime factors of i(p)?
2
Let u(l) = 28*l - 70. What are the prime factors of u(6)?
2, 7
Let u(z) be the third derivative of z**6/60 - z**5/20 - z**4/6 - 2*z**3/3 + 8*z**2. List the prime factors of u(4).
2, 3, 5
Let o(y) = -2 - 3*y + 3 - y. List the prime factors of o(-4).
17
Let n = -64 - -259. What are the prime factors of n?
3, 5, 13
Let n = 7 - 4. Let f(t) = -t**2 - 11*t - 7. Let r be f(-10). Suppose -n*q - r*a - 16 = -40, -24 = -3*q - 2*a. What are the prime factors of q?
2
Suppose 5 = 5*f + 35. Let y(l) = 8*l + 7. Let b(s) = -9*s - 8. Let k(o) = -5*b(o) - 6*y(o). List the prime factors of k(f).
2
Let s(f) = f**3 - 7*f**2 + 5*f - 1. List the prime factors of s(7).
2, 17
Let s(x) = -12*x - 3. Let k be s(-5). Suppose -k = -0*y - 3*y. What are the prime factors of y?
19
Let i = -3 - 7. Suppose 0 = -5*c, -5*r = -0*c + c - 100. Let j = r + i. List the prime factors of j.
2, 5
Let n(j) be the second derivative of -j**3/2 - 4*j**2 + 2*j. List the prime factors of n(-7).
13
Suppose -4*g = -g - q - 68, g = 2*q + 26. What are the prime factors of g?
2, 11
Let r = 146 + -103. Let x = -28 + r. What are the prime factors of x?
3, 5
Let u(w) = -2*w**3 - w. Let x be u(-1). What are the prime factors of x*(0 + 51/9)?
17
Suppose -9*y = 2*y - 330. List the prime factors of y.
2, 3, 5
List the prime factors of (-1408)/(-26) - (-6)/(-39).
2, 3
Let o(p) be the second derivative of 4*p**3/3 + p. Suppose -2*y + 1 = -y. List the prime factors of o(y).
2
Let g(t) = -t**2 + 9*t - 3. Let f(v) = -v**3 - v + 2*v + 7 + 2*v**3. Let o be f(0). What are the prime factors of g(o)?
11
Let y(m) = m**2 - 4*m + 6. Let n = -10 + 6. Let h(k) = -k**2 - 6*k - 4. Let b be h(n). List the prime factors of y(b).
2, 3
Suppose -160 = 9*c - 1033. What are the prime factors of c?
97
Let u be ((-2)/(-4))/((-1)/4). Let l(a) = a**2 + 1. Let m(h) = 3*h**2 - 2*h - 2. Let w(q) = u*l(q) + m(q). What are the prime factors of w(-3)?
11
Suppose z + 3*z - 2*n = -4, -z + n - 2 = 0. Suppose -q + z = -8. List the prime factors of q.
2
Suppose n - 13 - 32 = -3*c, 4*n + 12 = 0. Suppose 6*x - 2*x = c. Suppose 4*b = -o + x, 0 = o + o - 3*b - 30. What are the prime factors of o?
2, 3
Let p(m) = -m**3 + 20*m**2 + 21*m + 5. List the prime factors of p(21).
5
Let c(x) = x**2 + 2*x + 1. Let p be c(-1). Suppose 4*u + u - 20 = p. What are the prime factors of u?
2
Let x(w) = w**3 + 12*w**2 - 8*w - 31. List the prime factors of x(-6).
233
Let s = -24 - -39. What are the prime factors of s?
3, 5
Let s(j) = j - 13. Let m = -4 + 8. Let l(g) = g - 12. Let v(q) = m*l(q) - 5*s(q). List the prime factors of v(8).
3
Suppose 4*c + 16 = 0, m - 10 - 10 = 5*c. Suppose m = -4*a + 50 + 86. What are the prime factors of a?
2, 17
Let t = 17 - 12. Suppose -t*j + 5*r = 2 - 7, 3*r + 18 = -2*j. What are the prime factors of (0 - j)/(15/55)?
11
Suppose i - 12 = 13. What are the prime factors of i?
5
Let m = 4 + -1. What are the prime factors of m?
3
Suppose -125 = -y + 4*v - v, 0 = 5*y + 2*v - 659. Let u = y + -91. What are the prime factors of u?
2, 5
Let r = -3 - 0. Let w = r - -15. Suppose 0 - w = -3*u. What are the prime factors of u?
2
Let i be ((-8)/(-16))/((-1)/30). List the prime factors of (-20)/i*9/6.
2
Let z = -9 - -11. Suppose 5*g - z*g - 12 = 0. List the prime factors of g.
2
Suppose 0 = -3*w + 3*n + 12, -n = w + 2 - 4. Suppose 2*l + 61 = 3*c, 0 = -2*c + w*l + 5 + 44. List the prime factors of c.
17
Let s(h) = h**2 + 10*h - 16. What are the prime factors of s(-13)?
23
Let g(j) = -2 + 0*j - 2*j + j. Let l be g(-5). What are the prime factors of (-2)/((-106)/34 + l)?
17
Suppose -2*o - 4*q = 30, 0*o - o = -q + 18. Suppose -4*z - 7 - 13 = 5*g, -2*g + 4*z - 8 = 0. What are the prime factors of o/(3 + g) + 3?
2, 5
Let l = -2 - -4. Let q(d) = -l*d + 3*d + 0*d + 4. List the prime factors of q(-2).
2
Suppose -3*p - 2*m - 94 = -p, 2*p - 4*m = -124. Let d = -35 - p. What are the prime factors of d?
17
Let g = 27 + -14. List the prime factors of g.
13
Let u = -3 + 20. What are the prime factors of u?
17
Suppose m = 2*f - 5*f + 11, 0 = -3*f + 6. Suppose a = -m*u - 1 + 7, 20 = -5*a. List the prime factors of (-3)/(u - 46/20).
2, 5
Let y be ((-6)/(-4))/((-2)/(-4)). Let m(u) = 5*u**3 - u - 2*u**2 - 4*u**3 + 2 + y*u. What are the prime factors of m(2)?
2, 3
Let n(d) = 2*d**2 + 10*d + 1. What are the prime factors of n(-14)?
11, 23
Suppose 4*q - 3 = 5*p - 18, p - 3*q - 3 = 0. Suppose -5*z + p*z - 8 = -2*i, 5*z - 5 = 0. What are the prime factors of i?
5
Let j(k) = -k - 13. Let z be j(-8). What are the prime factors of 12/z*40/(-6)?
2
Let z(g) = g**2 - g + 1. Let r(i) = -10*i**3 - 8*i**2 + 8*i - 7. Let a(o) = -r(o) - 6*z(o). List the prime factors of a(1).
11
Let h = 1 + 47. List the prime factors of h.
2, 3
Let s(r) = r**3 + 6*r**2 + 4*r - 4. Suppose -2*g = -0*h - 2*h - 18, 5*g - 41 = 4*h. List the prime factors of s(h).
2, 3
Let b(y) = y**3 - 9*y**2 + 9*y + 2. Let w be b(8). What are the prime factors of (-1)/(-2) + 145/w?
3, 5
Let z(d) = 11*d - 1. What are the prime factors of z(2)?
3, 7
Suppose 4*m - 2*i + 116 - 34 = 0, -84 = 4*m - 4*i. Let w be (-3)/1*15/9. What are the prime factors of ((-12)/m)/((-1)/w)?
3
Let r be 0 + (-5 + 3)/2. Let w(m) = -10*m**3 + m. List the prime factors of w(r).
3
List the prime factors of (-3)/(-5) + (-434)/(-35).
13
Let n = 115 - -8. What are the prime factors of n?
3, 41
Let k(l) = -l**3 - 8*l**2 - 2*l - 6. Let b(i) = i**3 - 10*i**2 - 8. Let v be b(10). Let g be k(v). List the prime factors of g*(24/(-15))/(-4).
2
Let b(a) = -a**2 + 2*a + 6*a**2 + 2*a**3 + a + 3. Let m(w) = -5*w**3 - 11*w**2 - 7*w - 7. Let y(d) = -7*b(d) - 3*m(d). List the prime factors of y(3).
3
Suppose -2*n - j + 51 = -0*n, -2*n + 3*j + 55 = 0. List the prime facto